{"id":129,"date":"2010-05-30T21:09:05","date_gmt":"2010-05-30T21:09:05","guid":{"rendered":"http:\/\/www.cuuclub.ee\/?page_id=129"},"modified":"2026-03-12T15:44:29","modified_gmt":"2026-03-12T12:44:29","slug":"kontakt-2","status":"publish","type":"page","link":"https:\/\/www.cuuclub.ee\/?page_id=129","title":{"rendered":"Kontakt"},"content":{"rendered":"<p>Cuuclub O\u00dc<br \/>\nJ\u00e4rvevana tee 9f<br \/>\nTallinn<br \/>\n11314<br \/>\n<span style=\"font-size: inherit;\">EE022200221028701636 Swedbank<br \/>\n<\/span>reg.nr. 11154522<br \/>\nKMKR: EE100986008<\/p>\n<p>Ren\u00e9 J\u00f5hve<br \/>\n<em>partner \/ projektijuht \/ ACME Professional Lighting \/ elumen8 \/ Vandamme Cables<\/em><br \/>\nTelefon: +372 56618158<br \/>\nE-mail: <a title=\"mailto:rene@cuuclub.ee\" href=\"mailto:rene@cuuclub.ee\">rene@cuuclub.ee<\/a><\/p>\n<p>Priit Kukk<br \/>\n<em>projektijuht \/ PCE \/ Fogscreen \/<br \/>\n<\/em>E-mail <a href=\"mailto:erki@cuuclub.ee\">priit@cuuclub.ee<em style=\"font-size: inherit;\">\u00a0<\/em><\/a><\/p>\n<p>Erki Kukk<br \/>\n<em>projektijuht \/ Dirty Rigger \/ Le Mark<br \/>\n<\/em>E-mail <a href=\"mailto:erki@cuuclub.ee\">erki@cuuclub.ee<em style=\"font-size: inherit;\">\u00a0<\/em><\/a><\/p>\n<p>Kennet P\u00e4rje<br \/>\n<em>projektijuht<br \/>\n<\/em>E-mail: <a href=\"mailto:kennet@cuuclub.ee\">kennet@cuuclub.ee<\/a><\/p>\n<p>Meelis Lusm\u00e4gi<br \/>\n<em>partner \/ raamatupidamine \/ Capture Visualisation \/\u00a0<\/em><br \/>\nTelefon: +372 5259313<br \/>\nE-mail: <a title=\"mailto:melcu@cuuclub.ee\" href=\"mailto:melcu@cuuclub.ee\">melcu@cuuclub.ee<\/a><\/p>\n","protected":false},"excerpt":{"rendered":"<p>Cuuclub O\u00dc J\u00e4rvevana tee 9f Tallinn 11314 EE022200221028701636 Swedbank reg.nr. 11154522 KMKR: EE100986008 Ren\u00e9 J\u00f5hve partner \/ projektijuht \/ ACME Professional Lighting \/ elumen8 \/ Vandamme Cables Telefon: +372 56618158 E-mail: rene@cuuclub.ee Priit Kukk projektijuht \/ PCE \/ Fogscreen \/ E-mail priit@cuuclub.ee\u00a0 Erki Kukk projektijuht \/ Dirty Rigger \/ Le Mark E-mail erki@cuuclub.ee\u00a0 Kennet P\u00e4rje [&hellip;]<\/p>\n","protected":false},"author":1,"featured_media":0,"parent":0,"menu_order":0,"comment_status":"closed","ping_status":"open","template":"","meta":{"footnotes":""},"jetpack_sharing_enabled":true,"_links":{"self":[{"href":"https:\/\/www.cuuclub.ee\/index.php?rest_route=\/wp\/v2\/pages\/129"}],"collection":[{"href":"https:\/\/www.cuuclub.ee\/index.php?rest_route=\/wp\/v2\/pages"}],"about":[{"href":"https:\/\/www.cuuclub.ee\/index.php?rest_route=\/wp\/v2\/types\/page"}],"author":[{"embeddable":true,"href":"https:\/\/www.cuuclub.ee\/index.php?rest_route=\/wp\/v2\/users\/1"}],"replies":[{"embeddable":true,"href":"https:\/\/www.cuuclub.ee\/index.php?rest_route=%2Fwp%2Fv2%2Fcomments&post=129"}],"version-history":[{"count":25,"href":"https:\/\/www.cuuclub.ee\/index.php?rest_route=\/wp\/v2\/pages\/129\/revisions"}],"predecessor-version":[{"id":5347,"href":"https:\/\/www.cuuclub.ee\/index.php?rest_route=\/wp\/v2\/pages\/129\/revisions\/5347"}],"wp:attachment":[{"href":"https:\/\/www.cuuclub.ee\/index.php?rest_route=%2Fwp%2Fv2%2Fmedia&parent=129"}],"curies":[{"name":"wp","href":"https:\/\/api.w.org\/{rel}","templated":true}]}}